Calculate the remainder when 462 is divided by 33.
0
Calculate the remainder when 4436 is divided by 296.
292
Calculate the remainder when 19 is divided by 2.
1
Calculate the remainder when 508 is divided by 137.
97
What is the remainder when 175 is divided by 30?
25
What is the remainder when 59 is divided by 32?
27
Calculate the remainder when 546 is divided by 186.
174
What is the remainder when 556 is divided by 43?
40
Calculate the remainder when 43 is divided by 8.
3
Calculate the remainder when 76 is divided by 21.
13
Calculate the remainder when 538 is divided by 108.
106
What is the remainder when 4017 is divided by 67?
64
Calculate the remainder when 390 is divided by 51.
33
What is the remainder when 910 is divided by 24?
22
What is the remainder when 106 is divided by 30?
16
What is the remainder when 145 is divided by 61?
23
Calculate the remainder when 31 is divided by 16.
15
Calculate the remainder when 150 is divided by 85.
65
What is the remainder when 68 is divided by 19?
11
What is the remainder when 896 is divided by 75?
71
Calculate the remainder when 1179 is divided by 237.
231
Calculate the remainder when 1403 is divided by 52.
51
Calculate the remainder when 1630 is divided by 523.
61
Calculate the remainder when 2589 is divided by 24.
21
Calculate the remainder when 22 is divided by 4.
2
Calculate the remainder when 13250 is divided by 141.
137
Calculate the remainder when 299 is divided by 60.
59
Calculate the remainder when 770 is divided by 151.
15
Calculate the remainder when 97 is divided by 21.
13
Calculate the remainder when 36 is divided by 24.
12
What is the remainder when 2939 is divided by 30?
29
Calculate the remainder when 6969 is divided by 83.
80
Calculate the remainder when 186 is divided by 17.
16
What is the remainder when 430 is divided by 9?
7
What is the remainder when 708 is divided by 79?
76
What is the remainder when 234 is divided by 15?
9
Calculate the remainder when 1007 is divided by 16.
15
What is the remainder when 435 is divided by 89?
79
Calculate the remainder when 279 is divided by 86.
21
What is the remainder when 85 is divided by 24?
13
What is the remainder when 717 is divided by 16?
13
What is the remainder when 5052 is divided by 130?
112
What is the remainder when 900 is divided by 197?
112
Calculate the remainder when 993 is divided by 953.
40
What is the remainder when 5496 is divided by 23?
22
What is the remainder when 26 is divided by 1?
0
What is the remainder when 2377 is divided by 70?
67
What is the remainder when 394 is divided by 36?
34
What is the remainder when 491 is divided by 134?
89
Calculate the remainder when 69 is divided by 9.
6
What is the remainder when 2820 is divided by 2810?
10
Calculate the remainder when 147 is divided by 41.
24
What is the remainder when 7377 is divided by 41?
38
Calculate the remainder when 1023 is divided by 233.
91
Calculate the remainder when 68 is divided by 10.
8
Calculate the remainder when 187 is divided by 73.
41
Calculate the remainder when 14159 is divided by 194.
191
What is the remainder when 320 is divided by 317?
3
What is the remainder when 58 is divided by 23?
12
What is the remainder when 731 is divided by 37?
28
Calculate the remainder when 950 is divided by 35.
5
Calculate the remainder when 475 is divided by 19.
0
Calculate the remainder when 21 is divided by 10.
1
Calculate the remainder when 117 is divided by 11.
7
Calculate the remainder when 171 is divided by 36.
27
What is the remainder when 3138 is divided by 44?
14
Calculate the remainder when 352 is divided by 3.
1
Calculate the remainder when 11845 is divided by 52.
41
What is the remainder when 172 is divided by 41?
8
What is the remainder when 322 is divided by 159?
4
What is the remainder when 69 is divided by 2?
1
What is the remainder when 5051 is divided by 1262?
3
What is the remainder when 80 is divided by 16?
0
Calculate the remainder when 44 is divided by 24.
20
Calculate the remainder when 143 is divided by 135.
8
Calculate the remainder when 1755 is divided by 102.
21
Calculate the remainder when 26998 is divided by 270.
268
What is the remainder when 478 is divided by 65?
23
Calculate the remainder when 1191 is divided by 99.
3
Calculate the remainder when 740 is divided by 19.
18
Calculate the remainder when 919 is divided by 154.
149
What is the remainder when 96 is divided by 20?
16
Calculate the remainder when 53 is divided by 6.
5
What is the remainder when 2956 is divided by 17?
15
What is the remainder when 132 is divided by 4?
0
What is the remainder when 21539 is divided by 18?
11
Calculate the remainder when 354 is divided by 39.
3
What is the remainder when 38386 is divided by 55?
51
What is the remainder when 3590 is divided by 895?
10
What is the remainder when 1117 is divided by 374?
369
What is the remainder when 347 is divided by 299?
48
Calculate the remainder when 28 is divided by 16.
12
What is the remainder when 4863 is divided by 106?
93
What is the remainder when 1840 is divided by 61?
10
Calculate the remainder when 443 is divided by 222.
221
Calculate the remainder when 236 is divided by 23.
6
What is the remainder when 4430 is divided by 37?
27
What is the remainder when 1374 is divided by 60?
54
Calculate the remainder when 199 is divided by 101.
98
What is the remainder when 271 is divided by 39?
37
What is the remainder when 260 is divided by 253?
7
Calculate the remainder when 350 is divided by 6.
2
Calculate the remainder when 201 is divided by 43.
29
Calculate the remainder when 682 is divided by 323.
36
What is the remainder when 1401 is divided by 343?
29
Calculate the remainder when 48 is divided by 13.
9
What is the remainder when 29 is divided by 8?
5
Calculate the remainder when 571 is divided by 16.
11
What is the remainder when 14357 is divided by 10?
7
What is the remainder when 250 is divided by 76?
22
What is the remainder when 1241 is divided by 139?
129
What is the remainder when 275 is divided by 78?
41
What is the remainder when 127 is divided by 8?
7
Calculate the remainder when 2430 is divided by 32.
30
What is the remainder when 1678 is divided by 6?
4
What is the remainder when 431 is divided by 431?
0
What is the remainder when 93 is divided by 43?
7
What is the remainder when 38 is divided by 14?
10
What is the remainder when 585 is divided by 121?
101
What is the remainder when 103 is divided by 46?
11
Calculate the remainder when 1378 is divided by 60.
58
Calculate the remainder when 171 is divided by 41.
7
What is the remainder when 22 is divided by 9?
4
What is the remainder when 772 is divided by 25?
22
What is the remainder when 178 is divided by 23?
17
What is the remainder when 167 is divided by 57?
53
What is the remainder when 71 is divided by 37?
34
Calculate the remainder when 12386 is divided by 4125.
11
What is the remainder when 347 is divided by 14?
11
Calculate the remainder when 114 is divided by 26.
10
Calculate the remainder when 129 is divided by 25.
4
What is the remainder when 70 is divided by 50?
20
Calculate the remainder when 80 is divided by 27.
26
Calculate the remainder when 105 is divided by 33.
6
Calculate the remainder when 322 is divided by 55.
47
Calculate the remainder when 874 is divided by 25.
24
What is the remainder when 2809 is divided by 702?
1
What is the remainder when 57 is divided by 15?
12
Calculate the remainder when 5230 is divided by 48.
46
Calculate the remainder when 9325 is divided by 9312.
13
Calculate the remainder when 247 is divided by 80.
7
Calculate the remainder when 390 is divided by 80.
70
What is the remainder when 5363 is divided by 18?
17
Calculate the remainder when 21725 is divided by 213.
212
What is the remainder when 7629 is divided by 16?
13
What is the remainder when 675 is divided by 673?
2
What is the remainder when 602 is divided by 67?
66
What is the remainder when 3813 is divided by 76?
13
Calculate the remainder when 7308 is divided by 2431.
15
What is the remainder when 334 is divided by 26?
22
Calculate the remainder when 228 is divided by 46.
44
What is the remainder when 258 is divided by 62?
10
Calculate the remainder when 4332 is divided by 21.
6
What is the remainder when 106 is divided by 18?
16
Calcula